j composite?
False
Suppose 0 = -2*q - 3*x - 19 - 5, -q = -4*x + 23. Is -15*21425/q + 8 a composite number?
False
Let o(k) = k**3 - 12*k**2 + 11*k. Let v be o(11). Suppose v = -2*u - 0*u + 8. Is 1/u - (-4953)/12 prime?
False
Suppose 5*v = -5*i + 20, 7*i - 2*i - 11 = -2*v. Let j be (-1)/(2/(-4)*2/v). Suppose j*w = -h + 3265, w - h = -w + 2170. Is w composite?
False
Let j(k) = 2*k**2 - k - 10. Let n be j(3). Suppose 2279 + 3288 = 5*u - 4*q, -n*u = 5*q - 5585. Is u composite?
True
Let b(u) = -21*u**2 - 5*u - 4. Let o be b(-1). Let n = 22 + o. Suppose 0 = -n*z - 0*z + 5*f + 141, 2*z + 2*f = 106. Is z a prime number?
False
Suppose 0 = 11*g - 2*g. Suppose -3*b - y + 33446 = g, -3*b + 8*y + 33442 = 13*y. Is b a prime number?
True
Let z(j) = 208*j**3 + 37*j**2 + 4*j + 65. Is z(11) a prime number?
False
Suppose 1375702 + 1370440 = 173*j - 67*j. Is j a prime number?
False
Suppose -429*t + 1214372 = -426*t - 629923. Is t prime?
False
Suppose 2*y + 16*y + 432 = 0. Is y/(-8) - -1 - -26635 a prime number?
False
Let d(k) be the second derivative of 44*k**2 - 29/2*k**3 - 3*k + 7. Is d(-29) a prime number?
False
Let j(i) = 303*i**3 + i**2 + 2*i + 7. Suppose 0 = -k - 4*r + 9 - 10, 4*r = -4. Is j(k) a prime number?
False
Suppose 0 = -5*o - 182 - 313. Let f = o + 104. Suppose 0 = -f*s + 959 + 8696. Is s composite?
False
Suppose 17 = 5*w - 33. Let r be 4/6 - (-2)/6*w. Suppose -3*t = -3*c + 102, -2*t - 74 = -r*c + 60. Is c composite?
True
Let f(s) = -s**3 + 39*s**2 + 13*s - 98. Let v be f(38). Suppose 0 = -2*q + 3*p + v, -5*q + 4*p - 9*p + 4625 = 0. Is q composite?
True
Let m = 298 + -200. Let t be 2/5 + 112/70. Suppose f - 56 = -2*f + t*x, -2*x + m = 4*f. Is f a prime number?
False
Is (-3*2 - 1) + 612865*(-16)/(-80) composite?
True
Let k(n) = -2*n**3 + 37*n**2 + 19*n - 2. Let b be k(19). Let i be b + 2 + 0/(-4). Suppose 3*q + 4*p = 759, 4*q + 2*p - 446 - 566 = i. Is q prime?
False
Let i(b) = b**3 + 5*b**2 - 10*b - 20. Let y be i(-6). Suppose 5*g - 3895 = 2*r, 12*r - 14*r + 3134 = y*g. Is g a composite number?
True
Is -7*(-11)/231*(144578 + -1)*3 composite?
False
Let v(n) = 31*n**3 - 23*n**2 + 85*n - 13. Let d be v(17). Is 2 - -4 - d/(-16) composite?
False
Let v(w) = 6*w - 38. Let y be v(7). Suppose -y*c + 4755 + 2777 = 0. Is c composite?
True
Let g = -25 + -54. Let v = g + 83. Suppose -k - v*d + 201 = 0, 639 = 4*k - k + 3*d. Is k prime?
False
Is (1828849/44)/(12/(57 + -9)) composite?
False
Suppose 4*w = 7*w - 6. Let n(y) = 44*y - 1 + 127*y + 69*y. Is n(w) prime?
True
Suppose 24*j - 25*j - 4 = 0. Let o = 6 - j. Suppose -f + 165 = o*f. Is f a composite number?
True
Let n(o) = 561*o + 343. Let r = 184 + -178. Is n(r) a composite number?
False
Let n(q) = -q**3 + 9*q**2 + 4*q - 8. Let g be n(4). Let z = g + -81. Is 345/z - 4*(-3)/(-42) a composite number?
True
Let h(n) = n**3 - 10*n**2 - 11*n. Let s be h(11). Suppose s = 3*c - 5*c + 8. Is -2 + 840 - c/(-4) prime?
True
Let h(i) = i**2 + 4*i - 1. Let b be h(-5). Let o be 6/4 - 20/(-8) - 2. Suppose 535 = 3*m + 2*m - o*c, 4*m - b*c = 416. Is m prime?
True
Let z(l) = -7714*l**3 + l**2 + 56*l + 176. Is z(-3) a prime number?
False
Let a = 366 + 99. Let v = 34 + a. Is v a prime number?
True
Suppose -215413231 = -376*h + 192266649. Is h a prime number?
False
Suppose 2*p - 334 = v, -4*p + 7*p - v = 501. Let x = -312 + p. Let k = 346 - x. Is k composite?
False
Let v(b) = b**2 + 9*b + 409. Let r(u) = u. Let h(d) = -4*r(d) + v(d). Is h(0) composite?
False
Let s be (2 + 1)/(9/657). Let v be (3/(6/(-832)))/(24/(-24)). Suppose -5*m = -v - s. Is m a prime number?
True
Let k(u) = -71*u**3 + 26*u**2 + 42*u + 68. Is k(-15) prime?
False
Suppose 3*c + 5 = -1. Let b be c/(-5) - 20317/55 - -3. Let l = b - -979. Is l a prime number?
True
Suppose -3*w - 3*d + 10 = -2*d, -5*w = 3*d - 10. Suppose 0 = k + w*h - 901, -2*h = -2*k + 937 + 889. Is k prime?
True
Suppose 3*a - 3*l - 3321 = 0, -3*a = -7*a - 5*l + 4446. Let i = 336 + a. Let y = i - 1026. Is y prime?
True
Suppose -5*q + 149930 = 5*n, 2*n + 67515 + 82436 = 5*q. Let m = 42968 - q. Is m a prime number?
True
Let o be (-9 + 5*(5 + -4))*73. Is (18474/8)/((-219)/o) composite?
False
Let v = -207 + 219. Suppose 0 = 5*y - 10, v*f + 33862 = 16*f + y. Is f composite?
True
Let b(k) = -11*k + 49. Let d be b(17). Let p = -70 - d. Let n = p - 37. Is n composite?
False
Suppose t + 507 = -908. Let w = 2632 + t. Is w a prime number?
True
Let k(f) = 9*f**2 + 10*f - 141. Let y be k(-17). Let w = y - -4621. Is w prime?
True
Suppose -52*c + 18*c + 335614 = 0. Is c a prime number?
True
Let w(f) = 8*f**2 - 9*f - 34. Let y be w(10). Let a = -279 + y. Is a prime?
True
Let m = 2197 - -1357. Is m composite?
True
Suppose 2*q = 4*v + 50072, -3*v = -4*v + 2*q - 12518. Suppose 45*d - 320 + 95 = 0. Is v/(-5) + 1*(-3)/d a composite number?
False
Suppose 14 = 2*p + 8. Suppose 24 = 5*h + p*h. Suppose h*n + 150 = 951. Is n composite?
True
Suppose -1259544 = -2*a + 2*p, -4*a - 277*p + 2519123 = -274*p. Is a a composite number?
True
Let k(g) = -545*g + 9. Suppose 2*z = -z + 15. Suppose 2*o + f = 0, f - z*f = 4*o - 8. Is k(o) composite?
True
Let s(h) = h**3 + 5*h**2 + 2. Let z be s(-5). Let u = -4929 - -8510. Suppose -4*w + r = -4760, -u = 4*w - 7*w - z*r. Is w composite?
True
Suppose r + 15 = 5*t - t, -4*t - 3*r + 19 = 0. Suppose 3095 - 1131 = t*i. Is i composite?
False
Let h be ((-5)/(-10))/(1/4). Let x be (h/1)/(2*(-3)/(-6)). Let r(q) = 677*q + 7. Is r(x) a composite number?
False
Let g(j) = 25681*j**3 + 26*j**2 + 5*j - 1. Is g(3) a prime number?
False
Let f(z) = -13815*z**3 + 2*z**2 + 10*z + 13. Is f(-2) composite?
True
Let i(v) = 10*v**2 + 4*v + 4. Let o be i(4). Suppose o - 1074 = -r. Suppose 5*h + r = 2*g, 3*h + 1315 = 3*g + 2*h. Is g a composite number?
True
Suppose 236260167 = 254*b + 175*b. Is b a prime number?
False
Let d(l) = 46*l**3 - 8*l**2 + 304*l - 121. Is d(28) prime?
False
Suppose -5*q = 25, -3*q + 14 = 2*p + 39. Let b = p - -440. Let u = -304 + b. Is u a prime number?
True
Suppose 5*q - 80 = -0. Suppose -q*n + 12*n = 1136. Let v = -135 - n. Is v prime?
True
Let f(r) = -r**3 - 7*r**2 + 6*r - 17. Let o be f(-8). Let u be o*955/10*4/2. Let z = 489 + u. Is z a composite number?
True
Suppose 3*l = 627383 + 350803 - 309039. Is l prime?
True
Let j(h) be the second derivative of -h**5/20 + 5*h**4/3 - h**3/6 + 47*h**2/2 + 5*h. Is j(19) a composite number?
False
Let r be 1 - (17 + 1)/(-6). Let m be 6/(-6)*(1 + -679). Is m - ((4/r - -1) + -3) composite?
True
Let y(a) = -3*a**3 - 3*a**2 - 8*a - 13. Let z be y(-2). Suppose -1686 + 388 = -b - 3*j, -3*j = -z. Is b a prime number?
True
Let a = -39 - -44. Suppose -5*b = a*q - 510, -204 = -2*q + 2*b + 3*b. Suppose -191 - q = -w. Is w a prime number?
True
Let b(q) = 2264*q**3 + 20*q - 33. Is b(2) a prime number?
True
Let f = -180 + 183. Is (2 + -9 + f)*(-15628)/16 composite?
False
Let a(y) = 16589*y - 204. Is a(23) composite?
False
Let f be 68/6 + 6/(-18) + 0. Let u(d) = 8*d**3 + 16*d**2 + 7*d - 54. Is u(f) prime?
False
Let v(h) = 63*h**2 + 46*h + 517. Is v(-32) a composite number?
True
Let s(b) = 30529*b + 2983. Is s(7) prime?
False
Suppose 11*g + 20 = 6*g. Let s be 2 + (949 - (g + 4)). Let x = s + 1016. Is x a prime number?
False
Let d = 54764 - 30685. Suppose -58*r + 3*p - d = -63*r, -p - 9636 = -2*r. Is r a composite number?
False
Let d be 1 + -1 + -1*271. Let x(u) = 5*u**2 - 39*u + 256. Let h be x(11). Let i = h + d. Is i a prime number?
False
Let v(z) = 1153*z + 47 - 690*z + 2596*z + 51. Is v(9) prime?
False
Let i(c) = -65*c**3 + 9*c**2 + 23*c + 59. Is i(-8) prime?
False
Let i(h) be the first derivative of -1741*h**2/2 - 103*h + 150. Is i(-2) prime?
False
Let d(h) = 10186*h + 2177. Is d(9) a composite number?
False
Let s(y) = y**2 - 9*y + 12. Let z be s(7). Is ((-10219)/(-22))/(z/(-28)) composite?
True
Let r = -1305207 - -2434252. Is r composite?
True
Suppose -4*z + 2*l = -531728, -2*z - 39*l = -44*l - 265872. Is z composite?
True
Let m = 75 - 47. Let y = -8 + m. Suppose -23*c = -y*c - 861. Is c composite?
True
Suppose 2*v - 5*a - 123 = -v, -4*a = -5*v + 205. Suppose -v*l + 37*l = -412. Is l a composite number?
False
Let v(h) = 12779*h**2 - 248*h - 71. Is v(10) a prime number?
True
Suppose 10*l = -l - 95657 + 329374. Is l a composite number?
False
Let l be (-2454)/4 - (